 = 203*u. List the prime factors of u.
2, 11, 2017
Suppose 5*k - 212100 = -5*b, 4*b + 15*k - 19*k - 169640 = 0. What are the prime factors of b?
5, 17, 499
Let g(y) = -y**3 + y**2 + y + 1. Let k(r) = 8*r**3 - 10*r**2 - 9*r. Let p(b) = 3*g(b) + k(b). What are the prime factors of p(7)?
31, 43
Let k be 177*(0 - (6 - 1)). Let w = 1240 + k. What are the prime factors of w?
5, 71
List the prime factors of (-1997568)/(-162) + 1/3.
11, 19, 59
Suppose -5*p = -2*t + 3*t - 2, 5*p + 33 = 4*t. Suppose 8*v = t + 25. Suppose 0 = -4*r + v*o + o + 348, 2*r + 3*o = 152. What are the prime factors of r?
2, 41
Let w(j) = 5*j - 1 - 3 + j**3 + 7*j**2 + j**3 - j**3. Let a be w(-3). Let u = 29 + a. List the prime factors of u.
2, 23
Let l = 534 - 172. Let k = l + -206. Suppose 6*t - 2*t = 4*d - k, 0 = -2*d + 5*t + 63. List the prime factors of d.
2, 11
Suppose 0 = 4*d + 5*v - 111, -5*d + 21 + 120 = 4*v. Suppose -550 = 24*o - d*o. List the prime factors of o.
2, 5, 11
Let s(d) = -3*d - 2. Let o be s(0). Let q be ((-168)/120)/(o/(-10)). List the prime factors of ((-3 - q) + 2)/((-8)/(-252)).
3, 7
Let x be 7952/18 - 14/(-63). Suppose 3*m - 1394 = x. What are the prime factors of m?
2, 3, 17
Let z = -74 + 179. Let c be -24 + z + (-5)/1. Suppose 81*b - 1315 = c*b. What are the prime factors of b?
263
Suppose 4*q - 42 = q. Let s(n) be the third derivative of n**6/120 - 11*n**5/60 - 31*n**4/24 - 25*n**3/6 + 103*n**2 + 4*n. List the prime factors of s(q).
3, 43
Suppose -2*j - 4*k + 2522 = 0, -5*j + 4*k + 1203 + 5158 = 0. Suppose -4*u = 145 - j. What are the prime factors of u?
281
Suppose 0 = 4*m - v + 2*v - 9257, -8*v = m - 2322. What are the prime factors of m?
2, 13, 89
Suppose 793754 + 2084148 = 46*w + 13*w. List the prime factors of w.
2, 29
Suppose 0 = 21*c + 8751 - 24543. Suppose -u + c = 3*u. List the prime factors of u.
2, 47
Let g be -8 + -6*(-5)/15. Let a be (-16)/g*1323/18. Suppose -3*r + 147 = 3*p, r = -3*p + a - 39. List the prime factors of p.
2, 3
Suppose -5*d - 144 - 51 = 5*y, 76 = -2*d - 3*y. Let x = d - -42. List the prime factors of (1/(-2))/(x/(-280)).
2, 5, 7
Let p = 1282 + -732. What are the prime factors of (-3)/(0 - -1) + p?
547
Suppose 2*d = d - 6. Let r be (-2 - 0)/(7 + d - 2). Suppose 5*b - 730 = 4*c, -r*b - 3*b + 725 = -3*c. List the prime factors of b.
2, 71
What are the prime factors of (-499 - -18 - -12)*920/(-14)?
2, 5, 23, 67
Let t be (-3)/(-6) + (-36)/8 + -659. Let u = 1031 + t. Suppose 22*v = 18*v + u. What are the prime factors of v?
2, 23
Let z(b) = 119*b - 710. List the prime factors of z(51).
23, 233
Let g(q) = -q + 1. Let d(z) = 2*z - 4. Let n(c) = -d(c) - g(c). Let j be n(-1). Suppose -10*y = -j*y - 426. What are the prime factors of y?
71
Suppose -2*s = -5*n + 22, 9 = n + n - s. Suppose n*u - 4*q = 3736, -4*u = -2*q - 3*q - 3735. List the prime factors of u.
5, 11, 17
Suppose -3*i - f + 29645 = 0, 5*i = f + 3*f + 49414. List the prime factors of i.
2, 3, 61
List the prime factors of 201/(-134)*(-25372)/6.
6343
Let v = -2379 + 712. Let x = -953 - v. List the prime factors of x.
2, 3, 7, 17
Let c(l) = 18*l - 945. List the prime factors of c(61).
3, 17
Let m = -13285 - -22537. List the prime factors of m.
2, 3, 257
Suppose -3609*d - 4*m = -3610*d + 30990, m + 4 = 0. List the prime factors of d.
2, 17, 911
Let s(m) = -1471*m**3 - 5*m**2 - 170*m - 326. List the prime factors of s(-2).
2, 5881
Suppose -n = -z - 10, 5*n - 2*z + 0*z - 47 = 0. Suppose 52 = t + 4*o - 114, -n = 3*o. What are the prime factors of t?
2, 89
Let k(m) = 13*m - 73. Let d be (-78)/4 + 3/2. Let f = d + 27. What are the prime factors of k(f)?
2, 11
List the prime factors of ((-4)/(-3))/(12/83043) - 1.
2, 7, 659
Suppose 2*u - 18 = 4*l, 16 = 2*u + 3*l - 6*l. Let z(b) = 8*b**3 + 6*b**2 - 20*b - 8. What are the prime factors of z(u)?
2, 521
Suppose -8040 = -29*n - n. Let x be (375/12)/((-2)/8). Let i = x + n. List the prime factors of i.
11, 13
Let j be -1 + 6 + -8 + 3. Let w(v) = v + 457. What are the prime factors of w(j)?
457
Let g(f) = 19*f + 190. Let b be g(-10). Suppose -a - 4*r = -304 - 954, b = -4*a + 2*r + 4996. What are the prime factors of a?
2, 5
Let f = -6183 + 13633. List the prime factors of f.
2, 5, 149
Suppose 0 = -o + 5*q + 588, o + 2184 = 5*o + 4*q. List the prime factors of o.
7, 79
Let o = 96 + -57. Let f = o + -36. Suppose -60 = -f*k + 132. List the prime factors of k.
2
Let h be 4 - (0 - (-6 - -7)). Suppose -357 = -h*p + 438. List the prime factors of p.
3, 53
Let m = 501 + -501. Suppose m = -3*f - 3*r + 1308, -8*r = -4*r - 20. What are the prime factors of f?
431
Let n = -13200 - -32570. List the prime factors of n.
2, 5, 13, 149
What are the prime factors of 144/60 - 2758160/(-100)?
2, 431
Let j = -540 - -863. Suppose n - j = 14*g - 9*g, -5*g = 3*n - 949. List the prime factors of n.
2, 3, 53
Suppose -4*o - 64 = -2*y - 2*y, -5*y + 86 = -2*o. Suppose -23*z + y*z = -250. What are the prime factors of z?
2, 5
Suppose 3*n + 18 = 3*h, 3*n = -h - 2 - 0. What are the prime factors of (n - (-3 - -3)) + (948 - 15)?
7, 19
Let a = 34952 - 24506. What are the prime factors of a?
2, 3, 1741
Let r = -2119 + 3657. Suppose -7*m + r + 1990 = 0. List the prime factors of m.
2, 3, 7
Suppose 45087 = -3*h - 2*i, -34*i + 32*i = -2*h - 30058. List the prime factors of h/(-21) - (-26)/(-39).
5, 11, 13
Let d = -2127 - -3405. List the prime factors of d.
2, 3, 71
Suppose -2*i + 2 = -4*y - 0, 5*i + 3*y - 5 = 0. Let f(s) = 479*s**2 - 187*s**2 - 4*s + 284*s**3 - 289*s**2 + 2. What are the prime factors of f(i)?
3, 5, 19
Let f(o) = 3*o**3 - 20*o**2 + 205*o + 5. What are the prime factors of f(14)?
7187
Suppose 0 = 4*q - 2225 - 503. Let t = -455 + q. Suppose 1162 = 11*s + t. List the prime factors of s.
5, 17
What are the prime factors of 35780/9 - (414/162 + -3)?
2, 7, 71
Let f(k) = -k**2 + k + 38. Let g be f(8). What are the prime factors of 3/g + (7 - (-19564)/24)?
2, 3, 137
Suppose -12*l = -l - 33. Let r(c) = 0 + 2*c**2 + 5*c - 3*c - 12 - l. What are the prime factors of r(-7)?
3, 23
Suppose -475 = 20*u - 19*u. Let b = u - -840. Suppose -5*p - 10 = -b. List the prime factors of p.
71
Suppose c = -3*x - 27, -2*x = 4*c - 0*x + 118. Let q = c - -289. Let j = q + -102. What are the prime factors of j?
157
Let b = 38 + -35. Suppose 9*v = -5*s + 4*v - 80, b*s - v + 32 = 0. List the prime factors of s*1/8*-26.
3, 13
Let o(t) = -285*t**3 + t**2 + 27*t + 85. What are the prime factors of o(-4)?
18233
Let j(m) = -2*m - 5. Let v be j(-1). Let r be 12 - (-3 - 21/v). Let b(c) = -3*c**2 + 22*c + 19. What are the prime factors of b(r)?
3
Suppose -5832 = -39*i + 43*i. What are the prime factors of (i/21)/(-3 + (-20)/(-7))?
2, 3
Suppose 11*p + 41795 = 422065. Suppose -p = -40*q + 6910. What are the prime factors of q?
17, 61
Suppose -1263*i + 1265*i - 12813 = 5*p, 0 = -2*p - 6. What are the prime factors of i?
3, 79
Let p = -74 - -66. Let k(j) = -2*j**3 - 16*j**2 + j + 14. Let m be k(p). Suppose -i + m*i - 300 = 0. What are the prime factors of i?
2, 3, 5
Suppose -326 = n - 7*d + 5*d, -5*n + 5*d = 1645. Let u = 602 + n. What are the prime factors of u?
2, 3, 5
Let s(o) = 29*o**3 + 12*o**2 + 8*o + 4. What are the prime factors of s(6)?
2, 7, 241
Let d(b) = -2*b - 5. Let r be d(-6). Let m be ((-140)/105)/((-4)/6). Suppose m*w + 460 = r*w. List the prime factors of w.
2, 23
Suppose 0 = -131*s + 133*s - 135859 + 12099. What are the prime factors of s?
2, 5, 7, 13, 17
Suppose 960 = 22*a - 46*a. What are the prime factors of (-2 - a/24)*-3633?
7, 173
Let h(c) = 21*c**2 - 4*c + 5. Let v be h(1). Let f = 29 - v. Let g(w) = w**3 - 3*w**2 + 11*w - 1. What are the prime factors of g(f)?
2, 17
Let a(i) = 13*i**2 - 108*i - 1337. List the prime factors of a(-53).
2, 5113
Let g(m) = -21*m + 981. Let a be g(0). Let q = a - 644. What are the prime factors of q?
337
Suppose 21088 = 3*d - 4*o - 1064, 2*o = 0. List the prime factors of d.
2, 13, 71
Let s(u) = 0*u**2 + 2*u - 24 + 23 + 4*u**2. Suppose 2*m - 14 = -4*k, 3*m = -2*m + 4*k - 35. What are the prime factors of s(m)?
29
Let w = -2 - -4. Let c(a) = 12*a - 12 + 2*a - 15*a + 1 + 9*a**w. List the prime factors of c(4).
3, 43
Suppose 37*s + 209136 = 867107. What are the prime factors of s?
17783
Suppose 13*j - 21*j = 36*j - 942084. List the prime factor